5*p + 1. Calculate z(16).
-79
Let q(t) = -15*t + 5. What is q(-2)?
35
Let t(g) = -2*g**2 + 2. Calculate t(-3).
-16
Let s(u) = 8*u**3 - u**2 + 3*u + 2. What is s(-3)?
-232
Let r(i) = -43*i - 1. What is r(-1)?
42
Let n(c) = c**3 + 5*c**2 - 11*c - 15. Calculate n(-7).
-36
Let j(k) = -k - 1. Determine j(2).
-3
Let c(q) = 3*q**2 - 3*q + 2. Calculate c(0).
2
Let w(h) = 2*h**3 - 5*h**2 + 5. Calculate w(3).
14
Let s(y) = 2*y**2 + 3*y - 367. Determine s(13).
10
Let z(y) = -2*y - 27. Determine z(-13).
-1
Let g(m) = m - 1. Give g(-10).
-11
Let q(u) = u**3 + 5*u**2 + 8*u - 13. What is q(1)?
1
Let z(r) = -r**2 + 9*r - 14. What is z(4)?
6
Let z(u) = 4*u**2 + 7*u - 5. Determine z(-1).
-8
Let m(j) = -5*j + 51. Give m(12).
-9
Let c(h) = -2*h**3 + 35*h**2 + 19*h - 14. Give c(18).
4
Let n(r) = r**3 - 2*r**2 - 5*r + 3. Calculate n(1).
-3
Let a(k) = -2*k - 30. Determine a(-12).
-6
Let r(l) = -l - 10. Give r(-12).
2
Let i(t) = t**3 - 15*t**2 + 28*t - 30. Give i(13).
-4
Let n(r) = -10*r**2 + 98*r + 16. What is n(10)?
-4
Let p(i) = -i**3 + 4*i**2 - 5*i + 15. What is p(3)?
9
Let c(u) = -3*u - 52. Determine c(-17).
-1
Let x(b) = b**3 - 3*b**2 + 2*b - 1. Determine x(3).
5
Let l(r) = 9*r + 149. Give l(-16).
5
Let b(q) = -20*q + 1. Give b(1).
-19
Let t(o) = 2*o**3 + 3*o**2 - 2*o. What is t(2)?
24
Let h(p) = -p**2 + 9*p - 15. Determine h(5).
5
Let s(b) = -3*b + 44. Determine s(20).
-16
Let q(c) = -2*c**2 + 5*c - 1. Give q(4).
-13
Let m(j) = 7*j - 67. Determine m(9).
-4
Let o(m) = m**3 + 17*m**2 + 24*m - 51. What is o(-15)?
39
Let x(q) = -2*q**3 - 27*q**2 - 13*q - 5. Calculate x(-13).
-5
Let w(x) = x**3 - 7*x**2 - 8*x + 3. Give w(8).
3
Let i(j) = -2*j - 43. Calculate i(-18).
-7
Let u(c) = -c**2 - c + 4. Calculate u(0).
4
Let x(y) = 2*y**2 + 11*y + 16. Determine x(-2).
2
Let n(a) = -9*a - 15. What is n(0)?
-15
Let i(u) = 4*u**2 + 10*u - 42. Calculate i(3).
24
Let y(t) = -6*t - 104. Determine y(0).
-104
Let i(u) = 7*u + 32. What is i(8)?
88
Let x(l) = -l**2 + l + 13. Give x(0).
13
Let o(q) = 6*q**2 + 2*q + 2. What is o(-2)?
22
Let r(y) = -y**3 - 7*y**2 - y + 2. Determine r(-7).
9
Let x(l) = -l**2 + 4*l - 7. Determine x(7).
-28
Let u(d) = 5*d**2 - 15*d + 15. Give u(1).
5
Let r(j) = j**3 - j**2 - 30*j - 7. Calculate r(6).
-7
Let u(n) = 5*n - 7. What is u(1)?
-2
Let g(l) = l**2 - 20*l - 5. Determine g(20).
-5
Let f(p) = -4*p + 30. Give f(24).
-66
Let t(h) = 3*h + 60. Determine t(-19).
3
Let a(o) = -o**2 - 9*o + 7. Give a(-9).
7
Let t(c) = c**2 + c - 6. Give t(-6).
24
Let v(a) = -a**3 - 5*a**2 - 2*a. Calculate v(-5).
10
Let b(x) = -13*x - 23. Determine b(-7).
68
Let c(l) = l**2 + 7*l - 38. Determine c(-9).
-20
Let o(w) = 3*w**2 - 47*w - 46. Calculate o(-1).
4
Let t(s) = -4*s - 55. Give t(-18).
17
Let m(s) = -s**3 + 4*s**2 + 5*s + 2. Determine m(4).
22
Let s(y) = 5*y**2 - 6*y - 7. Give s(-3).
56
Let h(s) = s**2 - 23. Give h(-6).
13
Let j(a) = -a**2 + 16. What is j(0)?
16
Let q(y) = -2*y**2 + 56*y - 18. Give q(29).
-76
Let d(l) = l**2 - 9*l + 5. Determine d(7).
-9
Let w(q) = q**3 - 3*q**2 - 5*q + 3. Give w(4).
-1
Let l(a) = 8*a - 4. Determine l(-3).
-28
Let f(q) = -q**3 + 5*q**2 + 7*q - 15. Calculate f(6).
-9
Let f(p) = -p**2 + 9*p + 1. Give f(6).
19
Let s(k) = k**3 + 13*k**2 - 14*k + 15. Give s(-14).
15
Let j(a) = 2*a + 3. Determine j(11).
25
Let o(g) = -g**2 + 57*g - 680. What is o(40)?
0
Let r(d) = 8*d + 94. Give r(-12).
-2
Let u(o) = 35*o - 315. What is u(9)?
0
Let p(y) = y**3 - 5*y**2 - y - 5. What is p(4)?
-25
Let w(z) = -2*z**2 - 4*z + 5. What is w(-4)?
-11
Let u(y) = -y**3 + 23*y**2 + 2*y + 5. Give u(23).
51
Let d(x) = -x**3 + 27*x**2 - 25*x - 19. Calculate d(26).
7
Let p(k) = k**3 + 20*k**2 + 33*k + 264. Give p(-19).
-2
Let z(n) = -6*n + 25. Give z(5).
-5
Let h(z) = z**3 - 5*z**2 - 13*z - 13. What is h(7)?
-6
Let v(n) = -n**2 - 22*n - 44. Determine v(-16).
52
Let v(t) = -t**3 + 7*t**2 + 9*t - 5. What is v(8)?
3
Let z(f) = -f**2 - 10*f - 16. Determine z(-8).
0
Let k(q) = -43*q - 2. Determine k(-1).
41
Let g(y) = 5*y**3 - 2*y**2 + 3*y - 2. Determine g(1).
4
Let f(a) = 13*a**3 - 2*a**2 + a. Give f(1).
12
Let t(h) = h**2 - 14*h - 8. Give t(11).
-41
Let u(t) = -t**2 + 35*t + 457. Give u(45).
7
Let o(k) = 5*k + 22. Calculate o(-14).
-48
Let w(o) = 3*o**2 - 18*o - 10. Give w(6).
-10
Let l(v) = v**3 + 6*v**2 - 7*v + 2. Give l(-7).
2
Let f(p) = 36*p**3 - p**2 - p - 1. Determine f(-1).
-37
Let u(k) = k**3 + 10*k**2 - 11*k + 37. What is u(-12)?
-119
Let v(p) = -p**3 + 4*p**2 - 3*p. Give v(6).
-90
Let i(j) = -2*j - 77. What is i(5)?
-87
Let n(k) = -45*k - 495. Determine n(-11).
0
Let a(h) = h**2 - 48*h + 7. What is a(47)?
-40
Let o(s) = -s**2 - 3*s + 14. Determine o(-5).
4
Let s(f) = -f**3 + 2*f**2 + 5*f - 17. Calculate s(0).
-17
Let i(o) = -o**3 + 9*o**2 - 19*o + 13. Give i(7).
-22
Let y(c) = c**3 + 12*c**2 + c + 13. Determine y(-12).
1
Let g(t) = -20*t**2 + t + 2. Calculate g(1).
-17
Let u(n) = -261*n - 1048. Calculate u(-4).
-4
Let v(i) = -3*i**2 + 3*i - 1. What is v(4)?
-37
Let g(d) = 2*d**2 + 14*d + 17. What is g(-6)?
5
Let h(f) = -5*f - 7. Calculate h(-6).
23
Let f(k) = -5*k - 4. Give f(3).
-19
Let x(k) = -k**3 - 7*k**2 - 13*k - 10. Give x(-4).
-6
Let h(r) = r**2 - 2*r + 25. What is h(0)?
25
Let d(i) = -i**3 + 5*i**2 + 3*i + 2. Calculate d(5).
17
Let k(x) = x + 30. Determine k(-10).
20
Let a(l) = l + 19. What is a(-9)?
10
Let u(f) = f**3 + 4*f**2 - 2*f - 7. What is u(-4)?
1
Let q(l) = -7*l**2 - 89*l + 22. Determine q(-13).
-4
Let l(n) = n**2 + 13*n + 10. Give l(-13).
10
Let m(v) = 22*v - 50. Determine m(2).
-6
Let z(n) = -3*n - 46. Determine z(-16).
2
Let w(d) = 4*d. Give w(1).
4
Let o(k) = k - 36. Determine o(30).
-6
Let h(v) = -8*v - 77. What is h(-6)?
-29
Let n(i) = i**3 + 2*i**2 - 17*i + 8. Give n(-7).
-118
Let z(b) = b**2 + b - 5. Calculate z(4).
15
Let i(r) = r**3 + 8*r**2 + 9*r + 18. Determine i(-8).
-54
Let j(f) = f**2 - 11*f + 17. Determine j(10).
7
Let l(b) = 44*b + 6. Determine l(2).
94
Let y(d) = -d**3 - 8*d**2 + 27*d + 238. What is y(-7)?
0
Let q(f) = 5*f - 1. Calculate q(-2).
-11
Let h(s) = -s**2 - 22*s + 98. Determine h(-26).
-6
Let w(i) = i**3 - 5*i**2 - i + 4. Determine w(4).
-16
Let k(g) = g**3 - 10*g**2 + 6*g + 12. Give k(9).
-15
Let t(c) = -c**2 + 6*c + 5. What is t(8)?
-11
Let s(j) = -3*j**3 + 3*j**2 - j - 1. Calculate s(1).
-2
Let u(l) = -l**3 + 9*l**2 - 3*l + 31. Calculate u(9).
4
Let t(y) = -2*y**2 + 34*y - 39. What is t(16)?
-7
Let w(l) = 2*l**2 - 3*l - 3. Calculate w(4).
17
Let y(v) = -v**2 - v + 24. What is y(0)?
24
Let y(d) = d**3 + 4*d**2 + d - 4. Calculate y(-5).
-34
Let g(y) = -y**2 - 5*y - 6. Determine g(-4).
-2
Let t(n) = -13*n + 7. Determine t(1).
-6
Let d(f) = -f + 11. What is d(20)?
-9
Let b(o) = -2*o + 2. Give b(-5).
12
Let f(l) = -l**3 + l**2 + l + 63. Calculate f(0).
63
Let p(c) = 18*c - 2. Give p(-2).
-38
Let d(m) = -2*m**2 - 19*m + 31. Calculate d(-11).
-2
Let j(u) = -u**3 - 6*u**2 + 7*u - 2. What is j(-5)?
-62
Let w(k) = -k**2 - 13*k + 10. What is w(-13)?
10
Let a(l) = -30*l - 84. Give a(-3).
6
Let z(j) = -j**2 - 18*j - 31. Give z(-16).
1
Let y(m) = m**3 + 11*m**2 + 17. What is y(-11)?
17
Let v(l) = l**3 - l**2 + l + 30. Determine v(0).
30
Let g(l) = -l**3 - 4*l**2 + 7*l + 7. Calculate g(-5).
-3
Let g(t) = -t**3 + 13*t**2 + 12*t + 21. Determine g(14).
-7
Let j(w) = 10*w - 27. Calculate j(6).
33
Let d(h) = h**3 + 7*h**2 - 9*h - 16. Calculate d(-8).
-8
Let z(d) = d**2 - 9*d + 3. What is z(6)?
-15
Let l(c) = -c + 11. Give l(13).
-2
Let q(h) = 5*h**3 + 3*h**2 - h - 2. Give q(-2).
-28
Let n(c) = -c**2 + 2*c + 5. What is n(-4)?
-19
Let m(b) = -10*b**2 + 2*b. Give m(1).
-8
Let q(i) = -2*i**2 - i + 13. What is q(4)?
-23
Let k(n) = 10*n**2 + 88*n - 29. What is k(-9)?
-11
Let d(m) = -55*m + 3. Calculate d(-1).
58
Let l(b) = -236*b - 946. Calculate l(-4).
-2
Let m(j) = j**2 + 11*j - 143. Determine m(8).
9
Let v(g) = -g**2 + 14*g + 35. What is v(14)?
35
Let x(n) = -21*n + 81. Calculate x(4).
-3
Let t(b) = -b - 13. Give t(-4).
-9
Let k(m) = 403*m - 1207. Give k(3).
2
Let h(z) = z**3 - 18*z**2 + 13*z + 46. Give h(17).
-22
Let v(q) = q**3 + q**2 - q - 10. Give v(0).
-10
Let u(q) = -q**3 - 10*q**2 - 9*q + 10. Determine u(-9).
10
Let h(l) = -l - 43. What is h(-14)?
-29
Let w(a) = 2*a**2 - 15*a - 1. Give w(8).
7
Let r(m) = -m**2 - 6*m + 50. Calculate